st the prime factors of t(-1).
2, 3, 5
Let t(v) be the third derivative of v**5/15 - v**4/4 - v**3/2 - v**2. Let g be t(6). Suppose 8*c = 3*c + g. What are the prime factors of c?
3, 7
Suppose 29 + 1 = 2*p. Suppose 3*s = p, 5*u - 26 = u + 2*s. Let i = u - -3. What are the prime factors of i?
2, 3
Let p be 6*1*4/8. Suppose 0*r + 2*s = -3*r + 21, 0 = p*r - 5*s. What are the prime factors of r?
5
Suppose -4*o - 6 = -54. Let n = 41 - o. What are the prime factors of n?
29
Suppose 0 = -10*m - 2*m + 1188. What are the prime factors of m?
3, 11
Let w be (-2)/(-4)*6/1. Let v = -3 + w. Suppose 0 = -v*u - u + 14. List the prime factors of u.
2, 7
Let c be (150/(-24))/(2/8). Let q = 20 - c. List the prime factors of (-2)/(-9) + 890/q.
2, 5
Let q be (-2)/7 - 1528/(-56). Suppose -c - 41 = -4*x - 6*c, -3*x + q = 3*c. List the prime factors of (14/x - 3)*12.
2, 3
Let c be -4 - (3 - 7 - 4). Suppose c*r - 50 = 142. List the prime factors of r.
2, 3
Let a(c) = 2*c - 3. Let v be a(3). Let j be (-126)/8 - v/(-4). Let x = j - -23. List the prime factors of x.
2
Let m be 6/5 - (-2)/(-10). Suppose 2*f = m + 5. What are the prime factors of f?
3
Let d = -4 - -6. Suppose -1 - d = -3*l. Let s = 5 - l. List the prime factors of s.
2
Let z(c) = c**2. Let f(q) = 3*q**2 - q - 1. Let g(k) = f(k) + 2*z(k). What are the prime factors of g(-1)?
5
Let z be 1/(-2)*39*-2. Suppose -4*w + 7 + z = 2*o, 4*o = -5*w + 62. What are the prime factors of w?
2, 5
Suppose 4*d - 36 = 2*d. List the prime factors of d.
2, 3
Let x be 7*((5 - 1) + -3). Let f(u) = -u + 15. What are the prime factors of f(x)?
2
Let k(i) = 10*i**2 - 3*i - 3. What are the prime factors of k(-2)?
43
Let f(u) = u**2 - 2. List the prime factors of f(5).
23
Let u = 11 + -6. Suppose 0 = 3*j + 12, 2*b + u*j + 11 + 1 = 0. Suppose 7 = 5*o - b*o. What are the prime factors of o?
7
Let p(f) = -12*f - 3. Let o be p(-2). Suppose o = -0*y + 3*y. What are the prime factors of y?
7
Suppose -7*s = -3*s - 8. Suppose -s = -q + 2. Let w = q - 2. List the prime factors of w.
2
Suppose -b + 3*s - 66 = -2*s, -4*s = 8. Suppose 5*u = 3 - 18. What are the prime factors of (-2)/u - b/12?
7
Let t(k) = 5*k**2 - k - 1. Suppose 0*d + 5*d = -5. Let w be t(d). Suppose 0 = -4*m - 3*v + 30, 0*m + 34 = 4*m + w*v. List the prime factors of m.
2, 3
Let i = 9 - 1. What are the prime factors of 2*4/(i/23)?
23
Suppose 10 = 5*f - 7*f, 4*f = -2*z + 244. What are the prime factors of z?
2, 3, 11
Let w(y) = 12*y**2 + y - 1. Let b be 5/4 + (-4)/16. Suppose 2*v - b = 1. What are the prime factors of w(v)?
2, 3
Let s(z) = 2*z**3 + 2*z - 2. What are the prime factors of s(4)?
2, 67
Let g(p) = -p + 1. Suppose 2*u = -5*j - 1 - 3, 25 = 5*u - 5*j. Let d be g(u). What are the prime factors of d/4 - 50/(-4)?
2, 3
Suppose -3*m = -636 + 153. What are the prime factors of m?
7, 23
Let f be 36/10 - (-18)/45. Suppose 5 = c + f*z - 9*z, 0 = c + 4*z - 5. List the prime factors of c.
5
Suppose 5*v + v = 36. List the prime factors of 7 + v/(-2) - -31.
5, 7
Suppose 4*y - 35 = 3*k + 183, -5*y - 5*k = -290. What are the prime factors of y?
2, 7
Let x(v) = 281*v**2 - 6*v + 1. List the prime factors of x(1).
2, 3, 23
Let p(x) = -2*x**3 + 7*x**2 - 2*x**3 - 12 + 3*x**3 + 12*x. List the prime factors of p(8).
2, 5
Suppose -357 = x - 4*x. What are the prime factors of x?
7, 17
Suppose -2 = i, 6*i = -4*u + 5*i + 982. List the prime factors of u.
2, 3, 41
Suppose 3*t = 3 - 0. Let g = 8 - t. What are the prime factors of (g/2)/(5/10)?
7
Suppose -6*y + 1227 = -9. List the prime factors of y.
2, 103
Suppose 144 = 5*s + 3*y, -20 = -0*s - s - 5*y. Suppose 4*w = 4*n, s = 5*n + w + 6. What are the prime factors of n?
2
Let b(y) be the third derivative of -y**5/60 + 7*y**4/24 + 3*y**3/2 + y**2. Let m be b(8). List the prime factors of ((2 - 2) + 9)/m.
3
Let h = -11 - -14. Suppose -6 + 45 = h*k. What are the prime factors of k?
13
What are the prime factors of (-3 - -21)*(-21)/(-9)?
2, 3, 7
Suppose -3*g - 16 - 5 = 0. Let n(j) = -11*j**3 - 2*j**2 - j. Let s be n(-1). Let r = s + g. What are the prime factors of r?
3
Suppose 2*t = -t. Suppose -f + 4*a + t + 29 = 0, f + 2*a = 17. List the prime factors of f.
3, 7
Let v = 21 - 11. Suppose 5*s = 3*l + v, -3*l - l + 3*s + 5 = 0. Let r = l + -3. List the prime factors of r.
2
Suppose -1 + 5 = 2*u. Suppose -4*p + u = -10. What are the prime factors of p?
3
Suppose 3*y - 175 = -2*y. What are the prime factors of y?
5, 7
Let r = 1 - -4. Suppose 0 = 4*x - 6 - 150. Suppose -51 = -r*t + x. What are the prime factors of t?
2, 3
Let o(c) = -c**3 + 15*c**2 - 11*c - 21. What are the prime factors of o(14)?
3, 7
Suppose 26 = -3*t - 0*p - 4*p, -2*p = 10. Let x be (t + 6)*(2 - 1). Suppose -21 = -x*w - 0*i + 3*i, -3*w = 3*i. List the prime factors of w.
3
Let u(o) = -o**2 - 8*o - 1. Let l be 2 + 2 + 1 + -2. Suppose -2*w - 28 = 5*d, -l*w = -5*d - 4*w - 29. What are the prime factors of u(d)?
11
Suppose -5*y + y + 3 = -w, 19 = 5*w - 3*y. Suppose u - 26 = -r + 4*u, -2*u = w*r - 181. List the prime factors of r.
5, 7
Suppose 3*k = -2*s - 3 + 115, -5*k = -4*s + 202. Suppose -4*a + s = -w, -2*a + 2 = -3*w - 17. List the prime factors of a.
2, 7
Let o be (0/(2/2))/2. Suppose -n + 9 - 25 = o. List the prime factors of (-1 - n)/((-6)/(-4)).
2, 5
Let k(s) = -2*s**2 - 8*s - 16. Let d(z) = 5*z**2 + 24*z + 47. Let l(t) = 3*d(t) + 8*k(t). What are the prime factors of l(9)?
2
Let l(v) = 3*v + 8. What are the prime factors of l(4)?
2, 5
Suppose 0 = -2*n + q - 5*q + 394, -2*n + q + 404 = 0. What are the prime factors of n?
3, 67
Suppose 0 = q - 3*j + 196 - 519, 2*q - 650 = 4*j. What are the prime factors of q?
7, 47
Let w be (-13 - 3)*9/4. What are the prime factors of (-4)/18 - 1196/w?
3, 11
Suppose 2*q - 19 - 19 = 0. What are the prime factors of (-2)/(-3) + q/3?
7
Suppose 0*a - 2 = -a. Let u(v) = -3*v + 6 - 2*v - v**2 + a*v**2. List the prime factors of u(4).
2
Let v = 6 + -3. Let r(o) = 3*o + 62. Let a(i) = -i - 21. Let d(x) = v*r(x) + 8*a(x). List the prime factors of d(-10).
2
Let g = -8 - -12. Suppose -5*a + 70 = 3*p - 134, -g = 2*p. Suppose -a = r - 4*r. List the prime factors of r.
2, 7
Let b be ((-2)/4)/(2/(-92)). Let x = 3 - 15. Let k = x + b. What are the prime factors of k?
11
Suppose 4 = 2*c + 3*x, -7*x + 3*x - 23 = -3*c. Let o(s) = -2*s - 1. Let v be o(-6). Let h = v - c. What are the prime factors of h?
2, 3
Let g(c) = c**2 - 3*c + 2. Let a be g(4). Suppose a*v - 3*v = 0. Suppose 4*i - 14 - 42 = v. List the prime factors of i.
2, 7
Suppose 2*l = -8 + 134. What are the prime factors of l?
3, 7
Suppose j = -6 + 14. Let k = j + -1. List the prime factors of k.
7
Let r be 3/5*(-35)/7. What are the prime factors of 3 + 3*(-46)/r?
7
Let u(i) = i**2 + 3*i + 2. Suppose 1 = -2*k + 13. Let w be (15/k)/((-3)/6). What are the prime factors of u(w)?
2, 3
Let f(d) = d**2 - 5*d - 8. Let r be f(6). Let w be 4 - r*2/(-4). Suppose 4*a + 39 = w*c - 2, -5*c + a + 74 = 0. List the prime factors of c.
3, 5
Let t(m) = m**3 + 3*m**2 + 2. Let o be t(-2). Suppose o = -2*j + 2. Let i = 0 - j. List the prime factors of i.
2
Let b(t) = -2*t**3 - t**2 + 2*t - 1. Let l be b(1). List the prime factors of ((-9)/l)/((-2)/(-12)).
3
Suppose 0 = -2*x + 4 - 0. Suppose -37 = -5*c - x. What are the prime factors of c?
7
Let u = -44 + 14. Let j = u - -54. What are the prime factors of j?
2, 3
Suppose -3*q + 877 = 4*p, -5*q - 1426 + 509 = -4*p. List the prime factors of p.
223
Suppose k + k = -16. Let c = k + 5. What are the prime factors of (c/1)/(3/(-8))?
2
Suppose 2*u = -4*n + 46, -6*n + 52 = -2*n - 4*u. Suppose n = -2*a + 6*a. What are the prime factors of a/(-3) + 12 + 1?
2, 3
Let j(z) = 9*z**2 - 4. Let c(n) = -4*n**2 + 2. Let s(q) = -5*c(q) - 2*j(q). List the prime factors of s(3).
2
Let k(h) = h - 11. Let b be k(15). Suppose b*g - 126 = g. What are the prime factors of g?
2, 3, 7
Let w be 1*2/4*0. Suppose -u + 0*u = w. Suppose t + 2*t - 6 = u. List the prime factors of t.
2
Let p(s) = s - 11. Let y be p(0). Let r be (-1)/1*1*y. Let i(n) = n - 1. List the prime factors of i(r).
2, 5
List the prime factors of (-4)/(-26) - (1010/(-26) - 2).
41
Suppose -w + t = -78, -2*w = -3*t - 138 - 21. What are the prime factors of w?
3, 5
Suppose 0*r - 3*b - 96 = -3*r, -3*b = -r + 22. List the prime factors of r.